e prime factors of b.
7, 449
Suppose 0*r + r = 4*w - 11, -3*r - 5 = -5*w. Suppose -r*z + 106 = -254. What are the prime factors of z?
2, 3
Suppose -297906 - 176801 = -140*s + 166353. What are the prime factors of s?
19, 241
Let r(b) = 1180*b - 65. Let y be r(21). What are the prime factors of y*(-14)/(-350) + (-2)/(-5)?
23, 43
Let b be ((-8)/12)/((-3)/(-27)). Let d be 60/36 - 2/b. Suppose d*n - n - 44 = 0. What are the prime factors of n?
2, 11
List the prime factors of 267/4*(-16)/(-24)*106.
53, 89
Suppose 5*s - 474 = -3*v, -7*s + 10*s - 267 = 4*v. List the prime factors of s.
3, 31
What are the prime factors of (-4328)/2*3*(136/24 + -12)?
2, 19, 541
Suppose -3*v = 2*v + k - 4645, -2*k = -2*v + 1846. Let s = v - 82. Suppose -4*x + x + s = 3*w, -5*x + 1410 = -4*w. List the prime factors of x.
2, 3, 47
Let b(p) = -29*p + 63. Let f be b(21). Let q = f + 1151. Let t = q - 419. List the prime factors of t.
2, 3, 31
Suppose 134*a = 142*a + 2672. Suppose -o = 3*m - 2*o + 35, -4*o = m + 16. What are the prime factors of 2/12 - -1*a/m?
2, 7
Suppose -2*n + 3*l + 67114 = 0, -56*n + 53*n + 4*l + 100673 = 0. What are the prime factors of n?
33563
Suppose 99*j - 3183658 - 655859 = 0. What are the prime factors of j?
38783
Let w be (-2)/(-13) - 2054/169. Suppose -9*r - 2*c - 1016 = -13*r, -1004 = -4*r - 4*c. Let v = w + r. List the prime factors of v.
241
Let p = 41604 + -12953. What are the prime factors of p?
7, 4093
Let m be (-1445)/(-68) - (-1)/(-4). Let d be -1 + m/7*2/6. Suppose d = -8*a + 3*a + 230. What are the prime factors of a?
2, 23
List the prime factors of (84/16)/((-33)/88) + 7896.
2, 7, 563
Let b(s) = -3*s - 13. Let u be b(-5). Suppose -5070 = -u*w - 4*w. List the prime factors of w.
5, 13
Let r(h) = 2 + 10 - 2 + 6 + 9*h - 1. Suppose 5*m - 26 - 4 = 0. What are the prime factors of r(m)?
3, 23
Let p(o) = -323*o - 1965. Let y be p(-6). Let r = -218 - -394. Let g = y + r. What are the prime factors of g?
149
Let a(w) = -w**2 + 15*w + 11. Let k(v) = -2*v - 7*v**2 + v**2 + 9*v**2 + v**3 + 5. Let n be k(-3). List the prime factors of a(n).
5, 11
Let i be (-1)/(-7) + (-87)/21 + 6. What are the prime factors of 270 - (-9 + 2) - i/1?
5, 11
Let s(i) = -10*i - 40. Let b be s(-4). Let h(q) = -25 - 19 - 47*q + b*q + 3*q**2 + 7. List the prime factors of h(21).
13, 23
Suppose 0 = 4*a + 5*y - 4*y - 6, -y = 2*a - 2. Let x be (82 - a) + 3 + (10 - 6). Let z = 120 - x. List the prime factors of z.
3, 11
Suppose -2*v + 7*v = 2*t + 41280, 5*t = 5*v - 41295. List the prime factors of v.
2, 4127
Suppose 274*a - 131*a = 129*a + 304626. What are the prime factors of a?
3, 7253
Let z be (14/4 + 0)*(-124)/(-217). Suppose 2*n + z*q + 36 = 0, -2*n + 4*q = 9 + 3. Let g = 20 - n. What are the prime factors of g?
2, 17
Let x(a) = 5*a - 28. Let l be x(6). Let b(j) = 32*j - 8 - 35*j + j**3 + j**l + j**2 - 3. List the prime factors of b(5).
149
Let l(z) = 115*z + 3701. Let n be l(-33). Suppose -2*k - k + 84 = f, -f + k = -104. Let u = n + f. List the prime factors of u.
5
Let x(b) = -b**3 + 18*b**2 - 33*b - 44. List the prime factors of x(15).
2, 17
Suppose 3*u + 2*a = -8 + 7, -5*u + 2*a = 7. Let b(v) = -233*v**3 + v**2 + 3*v + 1. List the prime factors of b(u).
2, 29
Let y = -571 + 319. Let t = y - -524. What are the prime factors of t?
2, 17
Suppose 3*w + w = -3*h + 21, 0 = -2*h - 2*w + 16. Let i be 75/(-200)*(-2 - 0)*1172. Suppose h*f = -i + 3189. List the prime factors of f.
2, 3, 5, 7
Let k = 42810 - 25936. What are the prime factors of k?
2, 11, 13, 59
Let h(g) = -5*g - 87. Let u be h(-25). Let z = -2 + u. Suppose 3*x = x - 6, -x = -j + z. List the prime factors of j.
3, 11
Suppose 0 = 4*s + 5*n - 38, -5*n - 6 - 4 = 0. Suppose s*l + 356 = 13*l. List the prime factors of l.
2, 89
Let a(k) = -3*k - 38. Let x(w) = w + 1. Let z(r) = -2*r - 2. Let v be z(1). Let i(g) = v*x(g) - a(g). What are the prime factors of i(8)?
2, 13
Suppose -3*u - 3*r - 3912 = -5*r, -u + 5*r = 1291. Let j = -745 - u. What are the prime factors of j?
3, 11, 17
Let x = -235 - -419. Suppose -c = 4*d - x, 5*c - 8*d = -5*d + 874. List the prime factors of c.
2, 11
Suppose 0 = -3*b + 3, 2*b + 463 = 2*z - 7*z. Let g = z + 81. List the prime factors of 168 + 0 + g/(-3).
2, 43
Suppose 6448 + 33546 = 5*s + t, 4*s - 2*t - 31984 = 0. List the prime factors of s.
2, 3, 31, 43
Suppose -2*o + 45 - 41 = 0. Suppose 2*j + 0*j = 2, -4*b - o = -2*j. Suppose 2*c - 118 = -b*c + s, -130 = -2*c - 2*s. List the prime factors of c.
61
Suppose -2241474 = -98*t - 1122445 + 3062631. What are the prime factors of t?
2, 5, 17, 251
Let j(r) = r**3 - 40*r**2 - 90*r + 10. Let w = -256 - -299. List the prime factors of j(w).
7, 241
Let d(n) = 3*n**3 + 6*n**2 - 14*n + 14. Suppose -2*g + 0*g = -o - 7, -5*g = o - 14. List the prime factors of d(g).
107
Suppose 188 = -4*c + l + 18, 5*c = 2*l - 211. Let i = 41 + c. List the prime factors of ((-11)/i)/((-1)/(-38)).
11, 19
Suppose -3*d = -2*d + x - 626, -3*d - x = -1870. Let i = -133 + d. What are the prime factors of i?
3, 163
Let h(o) be the first derivative of o**6/180 - o**5/24 - 11*o**4/24 + 17*o**3/3 + 12. Let y(d) be the third derivative of h(d). List the prime factors of y(-6).
7, 13
Let x(p) = p**3 - 2*p**2 + p + 763. Let v be x(0). Suppose 3*r - 2797 + v = 0. Suppose 3*f - d - 674 = 0, -f - r = -4*f - 3*d. What are the prime factors of f?
3, 5
Let l be ((-780)/91)/(13/(-7) - -2). List the prime factors of (143 + -1)*(-30)/l.
71
Let k(c) = -22*c**3 + 2*c**2 + 6*c + 7. Let j = 59 + -55. Suppose z = -2*z - 12, -j*l - 4 = -z. What are the prime factors of k(l)?
179
Let j be 25 - 5*(0 - -1). Suppose 0*v = 5*v - d - j, -3*v = d - 4. Suppose -4*r = v*r - 1512. List the prime factors of r.
2, 3
Suppose 0 = 5*z - 19 - 16. Let t be (9*(-12)/(-42))/(1/z). List the prime factors of (-3)/t - (2 - 806/12).
5, 13
Suppose m - 56 = -4*u - m, 0 = m + 2. Suppose 3*l = -u, l + 2*l = -n + 283. What are the prime factors of n?
2, 149
Let s(w) = -2*w**2 + 5*w + 12. Let x be s(19). Let l = 925 + x. Let v = l + -178. What are the prime factors of v?
2, 3, 11
Suppose 4*r = 26*r - 4086 - 36922. What are the prime factors of r?
2, 233
Let m be 2 - (11 - (-3 + 7)). Let g(t) = -6*t + 46. Let p(q) = -3. Let n(r) = 3*g(r) + 42*p(r). What are the prime factors of n(m)?
2, 3, 17
Let l = 8253 + 28203. List the prime factors of l.
2, 3, 7, 31
Suppose 5*b - 30 = 3*n, 6*b = 2*b - n + 7. Suppose b*y - a - 1083 = 0, 2*a + 1061 - 343 = 2*y. List the prime factors of y.
2, 181
Let v(l) = -15*l**2 - l + 35*l**2 - 3*l + 5*l. Let b = 0 + 1. List the prime factors of v(b).
3, 7
Let s = -22 - -26. Suppose -s*u + 3 = 9*p - 4*p, -2*p = 2. What are the prime factors of u?
2
Let w(a) = -6399*a - 20. List the prime factors of w(-1).
6379
Let f = 69 - 48. Let z(w) = 16*w + 86. List the prime factors of z(f).
2, 211
Let g = -328 - -184. Let w be ((-2)/6)/(12/g). Suppose -w*x + 5*v = 6*v - 411, -5*x = -v - 525. List the prime factors of x.
2, 13
Let i = -1962 - -6828. List the prime factors of i.
2, 3, 811
Let a = -17 - -20. Suppose -3*b = 2*b + a*h - 1440, -880 = -3*b - 5*h. What are the prime factors of b?
3, 5, 19
Suppose 184 = 21*a + 16. Let j(g) = g**2. Let m be j(-2). List the prime factors of (m - 2) + 2/(a/196).
3, 17
Let s(f) = 14 - 18 - 27 + 7*f. Suppose -211*g = -209*g - 34. What are the prime factors of s(g)?
2, 11
Let t = -27 + 49. Let d be 0*(-1)/(-3) + 4080. What are the prime factors of (-4)/t - d/(-55)?
2, 37
Let c = -15360 + 48228. What are the prime factors of c?
2, 3, 11, 83
Let j(c) = 6*c**3 - 13*c**2 - 7*c - 14. List the prime factors of j(10).
2, 577
Let b(r) = -9*r - 13. Let c(p) = -p**2 + 8*p - 18. Let i be c(7). Let w(q) = 45*q + 65. Let u(n) = i*b(n) - 2*w(n). What are the prime factors of u(9)?
2, 47
Let x(w) = w**2 - 1. Let q(a) be the first derivative of -a**3/3 - 11*a**2/2 - 18*a + 11. Let u(p) = -q(p) + x(p). What are the prime factors of u(-8)?
3, 19
Let r(b) = 46*b**3 + 19*b**2 - 29*b + 100. Let z(a) = -11*a**3 - 5*a**2 + 7*a - 25. Let j(c) = 2*r(c) + 9*z(c). What are the prime factors of j(-5)?
2, 5, 13
Let k = -300 - -23. Let p = 19 - k. Suppose 6*f - 280 = p. What are the prime factors of f?
2, 3
Let t(k) = 4*k**2 + 53*k + 20. Let u be t(-14). Let i = 97 - u. What are the prime factors of i?
5